 2*i. Suppose 5*n - 16 = -s, -z = -3*n + 7. Let q(u) = -u**3 - 3*u**2 + 5*u + 5. Calculate q(s).
1
Suppose 8*q + 4 + 28 = 0. Let d(x) = 3*x - 19. Let k(h) = -2*h + 13 + 2 - 5. Let g(v) = 3*d(v) + 5*k(v). What is g(q)?
-3
Let y be ((-1)/2)/((-1)/10). Let o(p) = -7*p**3 + 6*p**2 + 2*p - 13. Let f(v) = 4*v**3 - 3*v**2 - v + 7. Let k(j) = y*f(j) + 3*o(j). Determine k(3).
-1
Let v be 6 + 3 - 2/(-1). Let w(u) = -4 + v + 0*u + 3*u. Determine w(-5).
-8
Let y(q) = 2*q**2 - q**2 + 1 + 6 - 1 - 6*q. What is y(6)?
6
Suppose -4 = 2*h + 2*u - 16, 5*h = -4*u + 26. Suppose -s + 3 = h*s. Let t be -1 + 2 - 3/s. Let m(j) = j**3 + 2*j**2 - 2*j - 2. Give m(t).
2
Let x(j) = j**2 + j - 2. Let z(i) = -i**3 - 2*i**2 + 2*i + 1. Let b(k) = k - 8. Let m be b(6). Let n be z(m). Let s be 2*n/6 + -2. Calculate x(s).
4
Let b = -89 - -95. Let u(t) be the second derivative of t**3/2 - t**2 + 2*t. Calculate u(b).
16
Let x be (-44)/(-14) - ((-25)/35)/(-5). Let d(h) = h**3 - 4*h**2 - h + 4. Calculate d(x).
-8
Let b(a) = a**3 - 4*a**2 + a - 2. Suppose 3*r = 4*p + 15, -2*r - 4*p - p + 10 = 0. Let j = r + -3. Let l be (-1)/4*-6*j. Give b(l).
-8
Let u(l) be the third derivative of 17*l**6/120 - l**5/60 + l**3/6 + 18*l**2. What is u(1)?
17
Suppose 5*h = -2*w - 12, h = -3*w - 3*h - 4. Suppose 3 + 9 = w*p. Let c(q) = 6 + 2*q + 4*q - 4*q**2 + 0*q**2 - q**p. What is c(-5)?
1
Let h(o) = 3*o + 1. Let m(c) = 7*c + 8. Let d(p) = 8*p + 7. Let a(x) = 4*d(x) - 3*m(x). Let g(r) = 2*a(r) - 9*h(r). Give g(-1).
4
Suppose -f - 48 = -3*f. Suppose -4*x - 8 = -f. Let l = x - 0. Let g(b) = b**2 - 5*b + 5. Give g(l).
1
Let u(o) = 2*o - 21. Let h(a) be the first derivative of -a**2/2 + 10*a + 1. Let b(l) = -9*h(l) - 4*u(l). Suppose 4 = p - 0*p. Calculate b(p).
-2
Let l(z) be the second derivative of z**8/6720 + z**7/1260 + z**6/720 + 7*z**4/12 - 5*z. Let m(y) be the third derivative of l(y). Determine m(-3).
-12
Let u(k) = -k**2 + 5*k + 3. Let l be (-6)/(-9)*6/(-4). Let z(r) be the third derivative of -r**4/6 - r**3/6 + r**2. Let c be z(l). Calculate u(c).
9
Let w(u) = 3*u**2 + 8*u - 6. Let q(t) = 3*t**2 + 9*t - 7. Let a = 7 - 0. Let g(r) = a*w(r) - 6*q(r). Give g(-2).
8
Let c(z) be the third derivative of -z**6/15 - z**5/60 - z**4/24 - z**2. Determine c(-1).
8
Let n(q) = -2*q - 3. Let y(u) = u + 1. Let v(p) = -4*n(p) - 9*y(p). Suppose -5*s + 10 = r, 0 = 5*r - s - 2 + 4. Calculate v(r).
3
Let f(m) = -1 - 11*m + 5*m**2 + 3*m - 4*m**2. Give f(7).
-8
Let k = 12 + -7. Let s(o) = o**3 - 5*o**2 - 3*o + 1. Determine s(k).
-14
Let j(z) = -2*z - 5*z**2 - z**3 + 2*z**2 + 2*z + 2 - 3*z. Give j(-3).
11
Let k = -7 + -2. Let f = k - -13. Let p(x) = -5 - x**3 + 4*x**2 + 2 + 0*x**3. Calculate p(f).
-3
Let h = 2 - 1. Let z(j) = 6*j - 1. Let r be z(h). Let m = r + -2. Let u(i) = i**2 - 3. Calculate u(m).
6
Let g be (-2 - 9/(-6))*-2. Let r be (2 + -1 - 3) + 5. Let i(v) = -3*v + 3*v**2 + v + 4*v**3 - 6*v**r - v**2 + 1. Give i(g).
-1
Suppose -5*l = 5 + 15. Let o(p) = p**3 + 3*p**2 - 6*p - 6. Calculate o(l).
2
Let b be (-30)/(-12) - (1 + 9/(-6)). Let v(p) = -2*p**3 + 1 + p**3 + 4*p**2 + 2 - 3*p. Give v(b).
3
Let j(s) = -3*s**2 + 2 - 95*s + 87*s + 2*s**2. Calculate j(-7).
9
Suppose 6 = n + 5. Suppose 0 = -4*s + a - 25, -n = s + 7*a - 2*a. Let u(t) = t**3 + 5*t**2 - 5*t + 8. Calculate u(s).
2
Let o(w) = -w**3 + 3*w**2 + 5*w. Let d be o(4). Let b(f) = d + 0*f - 4*f + 5*f + 0*f. Calculate b(-4).
0
Let h(i) be the third derivative of i**4/24 + i**3/6 - 2*i**2. Let p = 12 - 3. Let y = p + -6. What is h(y)?
4
Let j(p) = -p - 6. Let u be j(-8). Let m(s) = -s**2 - 3*s - 3. Let w(a) = 2*a + 2. Let b(c) = 2*m(c) + 3*w(c). What is b(u)?
-8
Let w(c) = -c**2 - 7*c**2 - 1 + 2. Let n = -18 + 19. Give w(n).
-7
Let y be 1 + -4 + -1 + 0. Let p(m) = -m**3 - 7*m**2 + 9*m + 1. Let w(h) = -h**3 - 6*h**2 + 8*h + 2. Let q(k) = 3*p(k) - 4*w(k). Calculate q(y).
-1
Let j(v) = v**3 - v**2 + 1. Let o(w) = -3*w + 15. Let b be o(6). Let f(c) = 4*c**3 - 6*c**2 - 4*c + 5. Let l(z) = b*j(z) + f(z). What is l(4)?
2
Suppose 3*y = 2*y + 1. Let d(n) = -5*n. What is d(y)?
-5
Let w(f) = -1 + 5*f + 0 + 0. Suppose -4*t - 26 = 5*p, -14*p - 3*t - 8 = -16*p. Give w(p).
-11
Let l(f) = -f**3 + 4*f**2 + 6*f - 3. Suppose -3*k - 1 = 2. Let x be 2 + k/1*2. Suppose -5*t + x*t + 25 = 0. Calculate l(t).
2
Suppose 5 = -2*g + 17. Let n(r) = r**3 + 9*r**2 - 9*r + 4. Let i(s) = 5*s**3 + 37*s**2 - 37*s + 16. Let f(l) = -2*i(l) + 9*n(l). Determine f(g).
-2
Let j(s) = -2*s + 2 - s**2 - 4 - 3 + 4. Give j(-2).
-1
Let a be 52/20 - 4/(-10). Let m(w) = 5*w - a + w - 2*w - 5*w. Calculate m(5).
-8
Suppose -2*z + 5*f = -5*z - 32, -2*z - 24 = 4*f. Let j(d) = d + 4*d**2 - 5*d**2 - 7*d - 6. Give j(z).
2
Let o(b) = -2*b - 1. Let z(g) = g**3 + 7*g**2 + 7*g + 9. Let l be z(-6). What is o(l)?
-7
Let x be (-1)/(-3)*0 + 3. Let w be (-10)/15*x*1. Let z(y) be the third derivative of y**4/24 + y**3/6 + 2*y**2. What is z(w)?
-1
Let y be 2/(-5) + 748/20. Suppose y = -2*x + 5*f + 9, -4*f = -3*x - 28. Let z(r) = r**3 + 5*r**2 + 2*r - 3. Determine z(x).
5
Let f(p) = 2*p**2 - 2*p + 2. Suppose -2*o + o - 27 = -5*c, 2*c + 3*o - 4 = 0. Suppose -c*y = -0*y + 40. Let d(s) = s**2 + 7*s - 6. Let b be d(y). Give f(b).
6
Let m = 15 - 9. Let x(j) = j**2 - 6*j - 2. Calculate x(m).
-2
Let g be (-1 - 0) + 0/9. Let j(t) = -2*t + t - 2*t. Determine j(g).
3
Let g = 6 + -2. Suppose 9 = g*i - 3*i. Let v = 4 - i. Let o(x) = x**3 + 6*x**2 + 5*x - 2. Determine o(v).
-2
Suppose 4*k = 5*k - 2*g + 2, 2*g = -3*k + 18. Let u(w) be the third derivative of 4*w**2 - 1/6*w**4 - 1/2*w**3 + 0 + 1/60*w**5 + 0*w. Calculate u(k).
-3
Suppose 4*n = -t + 15, -2*n + 4*n - 5 = -3*t. Let z(k) = 4*k. Determine z(t).
-4
Let h(m) be the first derivative of m**2/2 - 5*m - 28. Give h(5).
0
Let c(f) = -3*f**2 - 2*f - 1. Let m(w) = -w**2 - 4*w - 1. Let r be m(-4). Give c(r).
-2
Let g(b) be the third derivative of -b**5/60 + b**4/3 + b**3/2 + 17*b**2. Give g(6).
15
Let f(q) = -8*q**2 + 1. Let l(c) = -c + 5. Suppose -5*v - 20 = z, 0*v + 3*v = 4*z - 12. Let u be 1*(4 + z + 2). Let m be l(u). Give f(m).
-7
Let o be (90/(-20))/(2/4). Let h(k) = -k**3 - 8*k**2 + 13*k + 2. What is h(o)?
-34
Let n(k) = k - 6. Let g(z) = 1. Let o(m) = -5*g(m) - n(m). Let l(j) = j**2 + j. Let i be l(2). What is o(i)?
-5
Let j(l) = -l**3 - 5*l**2 + 8*l + 8. Suppose 3*x = 9, -5*x + 7*x = -3*p - 12. Calculate j(p).
-4
Let y = -28 - -33. Let b(g) = g**3 - 5*g**2 - g + 1. What is b(y)?
-4
Let n = 3 + -9. Let o(r) = r**3 + 5*r**2 - 6*r - 8. Calculate o(n).
-8
Let j = -91 + 85. Let k(o) = o**3 + 7*o**2 + 5*o - 3. What is k(j)?
3
Suppose -i + 8 = 3*i + 3*u, -u + 5 = -i. Let t(c) = -2*c**3 - 3*c - 3. Let l = -15 + 11. Let j(h) = 5*h**3 + 7*h + 7. Let p(f) = l*j(f) - 9*t(f). What is p(i)?
2
Let l be 2 + -2 + 1 + -1. Let k(q) = -q**3 + 2*q**2 - q + 2. Let b be k(2). Suppose -3*v + 3*i - 2 - 7 = b, -4*v - 2*i = l. Let y(t) = 7*t. Give y(v).
-7
Let k(j) be the third derivative of 1/6*j**3 + 0 + 0*j**5 + 1/120*j**6 + 0*j + 0*j**4 - 11*j**2. Let i be (6/(-4) - -1)*0. What is k(i)?
1
Let r = -1959/20 + 98. Let p(b) be the third derivative of -2/3*b**3 - 1/8*b**4 - 2*b**2 + 0 + 1/120*b**6 + 0*b - r*b**5. Calculate p(4).
0
Suppose 14 = 2*a + 4. Let b(t) = t**2 - 7*t - 2. What is b(a)?
-12
Suppose 3*t = 4*u + 8, 0*t = 2*t + 2*u - 24. Let z = t + -3. Let m(c) = -5 + 8 + 4 - 2*c. Calculate m(z).
-3
Let h(m) = m**3 + 2*m**2 - 3*m + 2. Let v be 4/(-26) - (-259)/(-91). What is h(v)?
2
Let t(n) = 5*n**2 - n - 1. Let h = -18 + 18. Suppose -2*p + 6 = h, -5*q - 3 + 10 = 4*p. Calculate t(q).
5
Let j = 10 + -9. Let h(y) = -y + 1. Let a(g) = -6*g + 2. Let d(q) = -a(q) + 4*h(q). Let l(n) = n - 1. Let m(u) = j*d(u) - 3*l(u). Give m(3).
2
Let o(y) = y**3 - y**2 - 2*y + 2. Let i(t) be the first derivative of -t**4/2 + t**3/3 + 3*t**2/2 - 4*t - 1. Let g(h) = -4*i(h) - 7*o(h). What is g(-2)?
2
Let m(l) = 0 + l**2 - 7*l + 11*l + 0. Let t be (-9)/(-54) + 58/12. Suppose 5*j - 3*p + 15 = 0, -4*j + p - t*p = 12. Determine m(j).
-3
Let p(u) = -4*u + 3*u + 2 + 5 - 1. Let n be p(6). Let x(q) = q. What is x(n)?
0
Let w(g) = g**3 + 3*g**2 - 3. Let b be w(-4). Let f = b + 22. Let z(o) = o**3 - 3*o**2 - o + 4. What is z(f)?
1
Suppose -2*x + 5*m - 8 = 19, -4*x = -2*m + 14. Let g(i) = -4 + 2 + 3 + 2*i. What is g(x)?
-1
Let v(w) = -w 